{"id":195,"date":"2022-10-07T10:59:48","date_gmt":"2022-10-07T10:59:48","guid":{"rendered":"https:\/\/webredox.net\/demo\/wp\/nui\/about-us-copy\/"},"modified":"2024-04-19T11:01:22","modified_gmt":"2024-04-19T09:01:22","slug":"about-me","status":"publish","type":"page","link":"https:\/\/victoriabillian.com\/?page_id=195","title":{"rendered":"About"},"content":{"rendered":"\t\t<div data-elementor-type=\"wp-page\" data-elementor-id=\"195\" class=\"elementor elementor-195\" data-elementor-post-type=\"page\">\n\t\t\t\t\t\t<div class=\"elementor-section elementor-top-section elementor-element elementor-element-075b6b4 elementor-section-boxed elementor-section-height-default elementor-section-height-default\" data-id=\"075b6b4\" data-element_type=\"section\" data-e-type=\"section\">\n\t\t\t\t\t\t<div class=\"elementor-container elementor-column-gap-default\">\n\t\t\t\t\t<div class=\"elementor-column elementor-col-100 elementor-top-column elementor-element elementor-element-b706bdf\" data-id=\"b706bdf\" data-element_type=\"column\" data-e-type=\"column\">\n\t\t\t<div class=\"elementor-widget-wrap elementor-element-populated\">\n\t\t\t\t\t\t<div class=\"elementor-element elementor-element-fcff28b elementor-widget elementor-widget-nui-text-block\" data-id=\"fcff28b\" data-element_type=\"widget\" data-e-type=\"widget\" data-widget_type=\"nui-text-block.default\">\n\t\t\t\t<div class=\"elementor-widget-container\">\n\t\t\t\t\t\t\t<div class=\"text-xxlg text-left text-gray-off nui-text-block\">\r\n\t\t<div class=\"clear anim-fadeinup \">\r\n\t\t<p>Photographe professionnelle sp\u00e9cialis\u00e9e dans les prises de vue en studio depuis 2011, je mets mes comp\u00e9tences techniques et artistiques \u00e0 votre service.<\/p><p class=\"font_8\">Mes domaines d'expertises sont divers et s'adressent aux professionnels : publicit\u00e9, mise en avant de produits, packshot, reportage, suivi de chantier... Je suis ouverte \u00e0 tous vos projets.<\/p><p>Contactez moi d\u00e8s \u00e0 pr\u00e9sent pour leur donner vie.<\/p>\t\t<\/div>\r\n\t\t<\/div>\r\n        \t\t\t\t<\/div>\n\t\t\t\t<\/div>\n\t\t\t\t\t<\/div>\n\t\t<\/div>\n\t\t\t\t\t<\/div>\n\t\t<\/div>\n\t\t\t\t<div class=\"elementor-section elementor-top-section elementor-element elementor-element-a88ed98 elementor-section-boxed elementor-section-height-default elementor-section-height-default\" data-id=\"a88ed98\" data-element_type=\"section\" data-e-type=\"section\">\n\t\t\t\t\t\t<div class=\"elementor-container elementor-column-gap-default\">\n\t\t\t\t\t<div class=\"elementor-column elementor-col-33 elementor-top-column elementor-element elementor-element-048bb01\" data-id=\"048bb01\" data-element_type=\"column\" data-e-type=\"column\">\n\t\t\t<div class=\"elementor-widget-wrap elementor-element-populated\">\n\t\t\t\t\t\t<div class=\"elementor-element elementor-element-9e52046 elementor-widget elementor-widget-image\" data-id=\"9e52046\" data-element_type=\"widget\" data-e-type=\"widget\" data-widget_type=\"image.default\">\n\t\t\t\t<div class=\"elementor-widget-container\">\n\t\t\t\t\t\t\t\t\t\t\t\t\t\t\t<img fetchpriority=\"high\" decoding=\"async\" width=\"900\" height=\"604\" src=\"https:\/\/victoriabillian.com\/wp-content\/uploads\/2023\/03\/Vic_Recto_2500-1024x687.jpg\" class=\"attachment-large size-large wp-image-41\" alt=\"\" srcset=\"https:\/\/victoriabillian.com\/wp-content\/uploads\/2023\/03\/Vic_Recto_2500-1024x687.jpg 1024w, https:\/\/victoriabillian.com\/wp-content\/uploads\/2023\/03\/Vic_Recto_2500-300x201.jpg 300w, https:\/\/victoriabillian.com\/wp-content\/uploads\/2023\/03\/Vic_Recto_2500-768x515.jpg 768w, https:\/\/victoriabillian.com\/wp-content\/uploads\/2023\/03\/Vic_Recto_2500-1536x1030.jpg 1536w, https:\/\/victoriabillian.com\/wp-content\/uploads\/2023\/03\/Vic_Recto_2500-2048x1374.jpg 2048w\" sizes=\"(max-width: 900px) 100vw, 900px\" \/>\t\t\t\t\t\t\t\t\t\t\t\t\t\t\t<\/div>\n\t\t\t\t<\/div>\n\t\t\t\t\t<\/div>\n\t\t<\/div>\n\t\t\t\t<div class=\"elementor-column elementor-col-66 elementor-top-column elementor-element elementor-element-ab08806\" data-id=\"ab08806\" data-element_type=\"column\" data-e-type=\"column\">\n\t\t\t<div class=\"elementor-widget-wrap elementor-element-populated\">\n\t\t\t\t\t\t<div class=\"elementor-element elementor-element-344d6c0 elementor-widget elementor-widget-nui-sec-title\" data-id=\"344d6c0\" data-element_type=\"widget\" data-e-type=\"widget\" data-widget_type=\"nui-sec-title.default\">\n\t\t\t\t<div class=\"elementor-widget-container\">\n\t\t\t\t\t\t\t<div class=\"tt-heading text-center  tt-heading-sm tt-heading-stroke-none anim-fadeinup max-width-auto\">\r\n\t\t\r\n\t\t\t\t\t\t\t\t\t\t<h2 class=\"tt-heading-title\">\r\n\t\t\t\t\t\t\t\tContact\t\t\t\t\t\t\t\t<\/h2>\r\n\t\t\t\t\t\t\t\t<\/div>\r\n        \t\t\t\t<\/div>\n\t\t\t\t<\/div>\n\t\t\t\t<div class=\"elementor-element elementor-element-d4e860f elementor-align-center elementor-widget elementor-widget-button\" data-id=\"d4e860f\" data-element_type=\"widget\" data-e-type=\"widget\" data-widget_type=\"button.default\">\n\t\t\t\t<div class=\"elementor-widget-container\">\n\t\t\t\t\t\t\t\t\t<div class=\"elementor-button-wrapper\">\n\t\t\t\t\t<a class=\"elementor-button elementor-button-link elementor-size-lg\" href=\"mailto:photo@victoriabillian.com\">\n\t\t\t\t\t\t<span class=\"elementor-button-content-wrapper\">\n\t\t\t\t\t\t<span class=\"elementor-button-icon\">\n\t\t\t\t<i aria-hidden=\"true\" class=\"far fa-envelope\"><\/i>\t\t\t<\/span>\n\t\t\t\t\t\t\t\t\t<span class=\"elementor-button-text\">Me contacter par email<\/span>\n\t\t\t\t\t<\/span>\n\t\t\t\t\t<\/a>\n\t\t\t\t<\/div>\n\t\t\t\t\t\t\t\t<\/div>\n\t\t\t\t<\/div>\n\t\t\t\t\t<\/div>\n\t\t<\/div>\n\t\t\t\t\t<\/div>\n\t\t<\/div>\n\t\t\t\t<\/div>\n\t\t","protected":false},"excerpt":{"rendered":"<p>Photographe professionnelle sp\u00e9cialis\u00e9e dans les prises de vue en studio depuis 2011, je mets mes comp\u00e9tences techniques et artistiques \u00e0 votre service. Mes domaines d&#8217;expertises sont divers et s&#8217;adressent aux professionnels : publicit\u00e9, mise en avant de produits,&#8230;<\/p>\n","protected":false},"author":1,"featured_media":1446,"parent":0,"menu_order":0,"comment_status":"closed","ping_status":"closed","template":"","meta":{"footnotes":""},"class_list":["post-195","page","type-page","status-publish","has-post-thumbnail","hentry"],"_links":{"self":[{"href":"https:\/\/victoriabillian.com\/index.php?rest_route=\/wp\/v2\/pages\/195","targetHints":{"allow":["GET"]}}],"collection":[{"href":"https:\/\/victoriabillian.com\/index.php?rest_route=\/wp\/v2\/pages"}],"about":[{"href":"https:\/\/victoriabillian.com\/index.php?rest_route=\/wp\/v2\/types\/page"}],"author":[{"embeddable":true,"href":"https:\/\/victoriabillian.com\/index.php?rest_route=\/wp\/v2\/users\/1"}],"replies":[{"embeddable":true,"href":"https:\/\/victoriabillian.com\/index.php?rest_route=%2Fwp%2Fv2%2Fcomments&post=195"}],"version-history":[{"count":29,"href":"https:\/\/victoriabillian.com\/index.php?rest_route=\/wp\/v2\/pages\/195\/revisions"}],"predecessor-version":[{"id":2149,"href":"https:\/\/victoriabillian.com\/index.php?rest_route=\/wp\/v2\/pages\/195\/revisions\/2149"}],"wp:featuredmedia":[{"embeddable":true,"href":"https:\/\/victoriabillian.com\/index.php?rest_route=\/wp\/v2\/media\/1446"}],"wp:attachment":[{"href":"https:\/\/victoriabillian.com\/index.php?rest_route=%2Fwp%2Fv2%2Fmedia&parent=195"}],"curies":[{"name":"wp","href":"https:\/\/api.w.org\/{rel}","templated":true}]}}